f?
3
Suppose 5*c - 2*c + 4 = 4*k, -4*k - 4*c = 24. What is the units digit of ((-7)/4)/(k/24)?
1
Let c be 0 + -17 + -2 - -3. Let t = c + 34. What is the units digit of t?
8
Let y = -5 + 7. Suppose y*j = 2*m - 6, -2*j - 5*m = -14 - 8. Suppose -4*i + 13 = j. What is the units digit of i?
3
Let i = 3 + 56. What is the units digit of i?
9
Suppose z - 2*z = 3*a - 123, -3*a = 3*z - 129. Suppose -2*j + a = 3*j. What is the units digit of j?
8
Let z = -80 + 165. What is the tens digit of z?
8
What is the tens digit of (-1 - 0)/(1/(-19))?
1
Let p(i) = -i - 13. Let r be p(-9). Let h = 13 + r. What is the units digit of h?
9
Let v(s) = -s**3 - 5*s**2 + s - 7. Let y(f) = -3*f + 1. Let p be y(2). Let x be v(p). Let g = 25 + x. What is the units digit of g?
3
Suppose -5*w - 44 = -w. Let k = -6 - w. What is the units digit of k?
5
Let w = -61 + 298. What is the units digit of w?
7
Suppose -y = 3*s - 5*s + 88, 271 = -3*y - s. What is the units digit of y/(-12)*(-24)/(-10)?
8
Let m(q) = -q**3 + 3*q**2 + 3*q - 3. Let w be m(3). Let k = 9 - w. What is the units digit of k?
3
What is the units digit of 320/(-15)*(-3)/2?
2
Let i(r) = 3*r**2 + 6*r + 1. Let m be i(-4). Suppose -w = 2*u - 29, -2*u - 4*w = -u - m. What is the tens digit of u?
1
Suppose y - 4 = 4. Let i = -6 + y. What is the units digit of i?
2
Suppose -4*r + r = 51. Let t = r + 28. Suppose b - t = -0*b. What is the tens digit of b?
1
Let z(r) = r**2 - 9*r + 9. Let k be z(8). Let s be k + -1 + (2 - 2). Suppose s = 3*b - 24 - 12. What is the tens digit of b?
1
Suppose 4*c = -0*c + 12. Suppose -129 = -5*i - r, 2*i - 37 = -c*r + 12. What is the tens digit of i?
2
Suppose 0 = -3*l + f + 133, -8 = l + 5*f - 47. What is the tens digit of l?
4
Let x = 29 + -20. Suppose 3*k - x = 9. What is the units digit of k?
6
Suppose 5*s + 12 = 3*s. Let m be 3/(s/4) - -8. What is the tens digit of m/8*(3 - -21)?
1
Suppose -3*d - 10 = 3*x + 2*x, -2*x - 5*d = 23. Let o be (x/(-3))/((-1)/66). Suppose 0 = -4*k + o + 14. What is the units digit of k?
9
Let a be 0/1*(-1 + 0). Suppose a = 5*w - w. Suppose w = 3*v + 2*v - 85. What is the units digit of v?
7
Let d = -34 - -68. What is the units digit of d?
4
Let v = 207 - 78. What is the tens digit of v?
2
Let j(p) = -p**2 + 7*p + 3. Let l be j(7). Suppose 210 = 2*t + l*t. What is the tens digit of t?
4
Suppose 4*a - 8 = 4. Suppose -z = -a*z + 4. What is the units digit of (2/((-4)/z))/(-1)?
1
Let t(h) = -h**2 - 4*h + 8. Let y be t(-5). Suppose -y*x + 4*f + 72 = f, -36 = -2*x - 2*f. What is the units digit of x?
1
Suppose -11 = -3*k + 1. Let d(v) = -2*v + 6. Let l be d(k). What is the units digit of -5*(l - 0/(-1))?
0
Suppose 4*a = -67 + 175. What is the tens digit of a?
2
Let v = -95 + 197. What is the hundreds digit of v?
1
Let l = -323 - -572. What is the units digit of l?
9
Suppose 4*m = 4*r + 40, 5*m + 4*r = -r. What is the units digit of (-2 + 1 - -2) + m?
6
Suppose o = 4, 0 = 5*u - 4*o - 0 + 1. Let c(t) = 27*t - 1. Let b be c(u). Suppose -3*d + 3*n = -n - b, 15 = d + n. What is the units digit of d?
0
Let g(a) = 2*a - 7. Let w be 4/(-6)*21/(-2). What is the units digit of g(w)?
7
Let z be 1/(4*1/20). What is the tens digit of (-861)/(-35) + (-3)/z?
2
Suppose -4*a = 4*k, 2*a = -k + 5*a + 8. Suppose -2*h - 2 = -14. Let w = k + h. What is the units digit of w?
8
Let a(r) = 15*r**3 - 2*r**2 + 2*r - 1. Let z(d) = 3*d + 1. Let k be z(1). Suppose k*x + 0*h - 20 = -4*h, -3*x = -4*h + 13. What is the units digit of a(x)?
4
Let f be 129/(-9) + (-2)/3. Let a = -11 - f. Let j = a + 1. What is the units digit of j?
5
Suppose 0 = -2*c + 4*m + 703 - 87, m + 305 = c. What is the units digit of c?
2
Suppose -5*x + 14 = s, 0*x = 5*x - s - 16. Suppose -x*u - 14 = -2*u - 5*w, 0 = -u - w + 4. What is the units digit of u?
1
Let q = -1 + 0. What is the units digit of (-15)/12*20*q?
5
Let t = -1 - -5. What is the units digit of t?
4
What is the units digit of ((-3)/1)/(-9)*3?
1
Suppose -10 = -0*j + 5*j, -4*f - 4*j = 20. Let z = f + 3. Suppose z = -5*n + 18 + 17. What is the units digit of n?
7
Suppose -2*b = -452 + 160. What is the hundreds digit of b?
1
Suppose -2*o + 7 = 1. Suppose 0 = -o*q - 114 + 324. What is the units digit of q/(-21)*24/(-10)?
8
Let f = 66 - 101. What is the units digit of f*(2 + (-32)/10)?
2
Let r(o) = -o + 2. Let z be r(6). What is the units digit of 12/z + (-41)/(-1)?
8
Suppose 16 + 9 = -5*i, 4*i = 5*m - 1485. What is the hundreds digit of m?
2
Suppose -2*z + y + 757 = 0, 2*z - 3*y = 518 + 233. What is the tens digit of z?
8
Suppose 3*u = 4*z + 60, 3*z + 0*u + 70 = -4*u. Let x = -9 + 35. Let j = x + z. What is the units digit of j?
8
Let k = 490 - 284. What is the tens digit of k?
0
Let a = 6 - -31. Suppose 4*r = 2*r - 3*i + 2, 0 = -3*r + 4*i + a. Let q = r - -8. What is the units digit of q?
5
Suppose 0 = 2*v - 6, -5*v = 3*k - 11 - 4. Suppose -5*t = -k*t. What is the units digit of (-4)/(-2) + (t - -2)?
4
Let b be -3 + (-2 - 1)/(-3). What is the tens digit of b*(1 + (-58)/4)?
2
Suppose 4*w = 6*o - 2*o + 12, 2*o = 3*w - 7. Suppose 3*p = w + 5. Suppose p*j + j = 15. What is the units digit of j?
5
Let u(f) = -f**2 + 6*f - 3. Let q be u(7). Let a = q - -26. What is the tens digit of a?
1
Let k = 155 - 95. Suppose -4*b + 16 + k = -5*a, 0 = b + 5*a - 19. Suppose v = -3*v + 2*f + 76, -v = 5*f - b. What is the tens digit of v?
1
Suppose 5*l + 2*x - 60 = 0, -2*l - 5 = 3*x - 18. Suppose l = -2*f + 44. What is the units digit of f?
5
Let y(r) = -6*r + 2*r**3 - r**3 - r**2 - 10 + 5*r**2 + 3*r**2. What is the tens digit of y(-7)?
3
Let z be (2/5)/(1/5). Suppose z*v + 20 = 5*m, -3*v + 4*m - 6 - 10 = 0. Let b = v + 1. What is the units digit of b?
1
Let z(b) = b**3 - 4*b**2 + b - 5. What is the tens digit of z(5)?
2
Let t(x) = 3*x**2 + 0 - 3 + x + 4. Let o be t(-1). Suppose 2 + o = 5*s. What is the units digit of s?
1
Let j(u) = u**3 - 15*u**2 - u + 32. What is the units digit of j(15)?
7
Let w = 65 + -25. What is the units digit of w?
0
Let c be 7*-1 - (2 + -1). What is the units digit of (-111)/(-12) - (-2)/c?
9
Suppose -2*d - 2 = -6. Suppose d*r - 5*x - 8 = 0, -2*r + 0*x + 40 = 3*x. What is the units digit of r?
4
Let b be 1/(3*(-1)/342). Let k = b + 169. What is the tens digit of k?
5
Let h(z) = -z**2 - 7*z - 4. Let b be h(-5). Let u = 2 + b. Let p = u + -4. What is the units digit of p?
4
Let b be (-6)/(-21) + (-2)/7. Suppose 0 = -b*u - 4*u + 12. Suppose 4*r = g + 72, 36 = -0*r + 2*r + u*g. What is the tens digit of r?
1
Suppose -6*s = -8*s. Let d = s - -1. What is the units digit of d?
1
Let c = 148 - 103. What is the units digit of c?
5
Let j = -4 - -6. Suppose j*z = 9 + 1, 33 = 2*q - 3*z. What is the units digit of q?
4
Suppose -2*g + 188 = 2*g. Let r = -34 + g. What is the tens digit of r?
1
Suppose 3*a - 124 = -f, f = 2*a + 2*f - 82. What is the units digit of a?
2
Let t = 22 - -19. Suppose -2*f = 4*r - 37 - 51, f + 5*r = t. What is the tens digit of f?
4
Suppose 0 = 11*b - 9*b - 6. Suppose g - b*o - 4 = 0, 3*o + 0 = 9. What is the units digit of g?
3
Let v(y) = 6*y**2 - 18*y + 2 + 5*y**3 + y**2 - 4*y**3 + 24*y. What is the units digit of v(-6)?
2
Let a(n) = 19*n + 6. Let l(s) = 3*s + 1. Let y(m) = -6*m - 2. Let x(r) = -14*l(r) - 6*y(r). Let h(d) = 4*a(d) + 14*x(d). What is the tens digit of h(-3)?
2
Suppose 261 = q + 2*i - 6*i, -5*i = 2*q - 574. What is the hundreds digit of q?
2
Suppose -24*m + 20*m = -44. What is the units digit of m?
1
Let v(a) = a**3 + 7*a**2 + 8*a + 2. Let l be v(-6). Let w(o) = o**2 + 4*o. Let f be w(-2). What is the units digit of (-8)/(-5) + f/l?
2
Suppose -12 = -3*h, -42 + 14 = -4*y + h. What is the units digit of y?
8
Suppose 0 = 3*f + f + 216. Let x be 2/(-5) - f/10. Suppose c = x*c - 12. What is the units digit of c?
3
Suppose -r = -3*a + 122, -4*r + 3*a = 43 + 409. Let w be (-1)/(-3) - r/3. Suppose 0*k = 5*k - 3*z - w, -k + 5*z + 25 = 0. What is the units digit of k?
5
Suppose -i - 2*n - 8 = 0, 4*n = -i - 0*i - 18. What is the units digit of i?
2
Suppose -6*b = -3*b - a - 136, 4*b - 5*a = 174. Suppose -s = -w + 9 + b, 3*w = -4*s + 179. Suppose 3*x = -15 + w. What is the units digit of x?
4
Let q = 73 + -39. What is the tens digit of q?
3
Let h = -4 - -13. Suppose -b + h = 3*p - 4, 5*p = 15. What is the units digit of b?
4
Let u = -1 - -5.